{"id":269,"date":"2021-04-18T08:03:10","date_gmt":"2021-04-18T08:03:10","guid":{"rendered":"http:\/\/mondoconsulting.net\/?page_id=269"},"modified":"2021-05-13T15:21:11","modified_gmt":"2021-05-13T15:21:11","slug":"privacidad","status":"publish","type":"page","link":"https:\/\/mondoconsulting.net\/index.php\/privacidad\/","title":{"rendered":"Privacidad"},"content":{"rendered":"<div class=\"wpb-content-wrapper\"><p>[vc_row full_width=\u00bbstretch_row\u00bb css=\u00bb.vc_custom_1620919249940{margin-top: -155px !important;padding-bottom: 65px !important;background-color: #1e73be !important;}\u00bb][vc_column][\/vc_column][\/vc_row][vc_row][vc_column][vc_column_text]<\/p>\n<h2 style=\"text-align: center;\">Privacidad<\/h2>\n<p><strong>Informaci\u00f3n General:<\/strong><\/p>\n<p>Titular: PENGUIN CEREMONY LDA &#8211;\u00a0 PT 516038605<\/p>\n<p>Direcci\u00f3n: Rua dos Duques de Bragan\u00e7a, 7 &#8211; 1200-162 LISBOA<\/p>\n<p>Correo electr\u00f3nico: info@mondoconsulting.net<\/p>\n<p>Delegado de protecci\u00f3n de Datos (DPO): info@mondoconsulting.net<\/p>\n<p><strong>\u00bfC\u00f3mo hemos obtenido sus datos y cu\u00e1l es la legitimaci\u00f3n para su tratamiento?<\/strong><\/p>\n<p>Los datos personales que se tratan han sido facilitados por el interesado, siendo la legitimaci\u00f3n del tratamiento su consentimiento y la prestaci\u00f3n del servicio solicitado o contratado, as\u00ed como el cumplimiento de las obligaciones profesionales y legales derivadas de \u00e9ste.<\/p>\n<p>No obstante, lo anterior, es posible que sus datos procedan de terceros colaboradores a los que previamente prest\u00f3 su consentimiento a tal efecto para la gesti\u00f3n o la prestaci\u00f3n oportuna del servicio.<\/p>\n<p><strong>\u00bfQu\u00e9 categor\u00edas de datos tratamos?<\/strong><\/p>\n<p>Las categor\u00edas de datos que se tratan son las siguientes:<\/p>\n<ul>\n<li>Datos identificativos<\/li>\n<li>Datos acad\u00e9micos y profesionales<\/li>\n<li>Detalles del empleo<\/li>\n<li>Datos econ\u00f3micos, financieros o bancarios<\/li>\n<li>Datos especialmente protegidos<\/li>\n<\/ul>\n<p>En este sentido, se informa de que los datos personales que se solicitan son obligatorios para la prestaci\u00f3n del servicio, de modo que en caso de no suministrarlos ello conllevar\u00e1 la imposibilidad de llevar a cabo dicha prestaci\u00f3n.<\/p>\n<p>Por su parte, el interesado garantiza la veracidad, exactitud y actualizaci\u00f3n de los datos aportados, siendo responsable de cualquier da\u00f1o o perjuicio, directo o indirecto, que pueda ocasionarse del incumplimiento de tal obligaci\u00f3n.<\/p>\n<p><strong>\u00bfCon qu\u00e9 finalidad tratamos sus datos?<\/strong><\/p>\n<p>Tratamos sus datos personales con el objeto de gestionar y\/o llevar a cabo la prestaci\u00f3n de servicios y dar cumplimiento a las obligaciones profesionales y legales derivadas del mismo, as\u00ed como con fines estad\u00edsticos.<\/p>\n<p>Igualmente, para el caso de que as\u00ed lo haya autorizado, sus datos tambi\u00e9n ser\u00e1n tratados con el fin de remitirle comunicaciones informativas, comerciales, publicitarias o promocionales sobre servicios propios o de terceros que pudieran resultar de su inter\u00e9s.<\/p>\n<p>Para el supuesto de que nos haya hecho llegar su curr\u00edculum, el tratamiento de sus datos personales se realizar\u00e1 con el fin de valorar y gestionar la solicitud de empleo, llevando a cabo las actuaciones necesarias para la selecci\u00f3n y contrataci\u00f3n de personal, a fin de ofertarle puestos que se ajusten a su perfil.<\/p>\n<p><strong>\u00bfPor cu\u00e1nto tiempo conservaremos sus datos?<\/strong><\/p>\n<p>Los datos personales se conservar\u00e1n durante el tiempo necesario para la realizaci\u00f3n de las finalidades con las que fueron recogidos, mientras no se revoquen los consentimientos otorgados, manteni\u00e9ndolos con posterioridad bloqueados durante los plazos de prescripci\u00f3n legal que, con car\u00e1cter general son de 10 a\u00f1os desde la finalizaci\u00f3n de la relaci\u00f3n contractual por normativa de prevenci\u00f3n de blanqueo de capitales y financiaci\u00f3n del terrorismo, hasta 15 a\u00f1os por aplicaci\u00f3n del C\u00f3digo Civil.<\/p>\n<p>Tras tales plazos de prescripci\u00f3n, se proceder\u00e1 a la supresi\u00f3n de sus datos con las medidas de seguridad adecuadas para garantizar la pseudonimizaci\u00f3n de los datos o la destrucci\u00f3n total de los mismos.<\/p>\n<p><strong>\u00bfA qu\u00e9 destinatarios se comunicar\u00e1n sus datos?<\/strong><\/p>\n<p>Al objeto de llevar a cabo los fines anteriormente descritos, sus datos podr\u00e1n ser comunicados a terceros colaboradores u otros profesionales que hayan de intervenir para gestionar la consulta remitida y\/o llevar a cabo la prestaci\u00f3n de servicios, as\u00ed como a las Administraciones P\u00fablicas, Juzgados y Tribunales, Autoridades judiciales y otras competentes en aquellos casos en los que est\u00e9 legalmente establecida dicha obligaci\u00f3n.<\/p>\n<p>Al facilitarnos su informaci\u00f3n personal, nos autoriza expresamente a tratar y compartir su informaci\u00f3n con \u00e9stos en la medida en que est\u00e1n directamente implicados en la prestaci\u00f3n de servicios, requiri\u00e9ndoles a tal efecto el cumplimiento del mismo grado de protecci\u00f3n sobre sus datos que el aplicado por \u00e9sta.<\/p>\n<p><strong>\u00bfCu\u00e1les son sus derechos cuando nos facilita sus datos?<\/strong><\/p>\n<p>Las personas interesadas tienen derecho a acceder a sus datos personales en cualquier momento, as\u00ed como a solicitar la rectificaci\u00f3n de los datos que sean inexactos o, en su caso, solicitar la supresi\u00f3n cuando los datos ya no sean necesarios para los fines que fueron recogidos, entre otros motivos.<\/p>\n<p>Tambi\u00e9n podr\u00e1n los interesados solicitar la limitaci\u00f3n del tratamiento de sus datos en determinadas circunstancias, procedi\u00e9ndose entonces a ser bloqueados durante los plazos legalmente establecidos, conserv\u00e1ndolos para el ejercicio o la defensa de reclamaciones.<\/p>\n<p>De igual modo, podr\u00e1n los interesados oponerse al tratamiento de sus datos por motivos relacionados con su situaci\u00f3n particular, dej\u00e1ndose entonces de tratar los mismos, salvo por motivos leg\u00edtimos imperiosos, o igualmente por el ejercicio o la defensa de posibles reclamaciones.<\/p>\n<p>Los anteriores derechos se habr\u00e1n de ejercer notific\u00e1ndolo por escrito debidamente firmado a la direcci\u00f3n de correo electr\u00f3nico info@mondoconsulting.net, debiendo acreditar su identidad.<\/p>\n<p>Al margen de lo anterior, si considera que hay alguna incidencia con la forma en que se est\u00e1n manejando sus datos, puede dirigir sus reclamaciones a la autoridad de protecci\u00f3n de datos que corresponda, siendo para el caso espa\u00f1ol la Agencia Espa\u00f1ola de Protecci\u00f3n de Datos la indicada.[\/vc_column_text][\/vc_column][\/vc_row]<\/p>\n<\/div>","protected":false},"excerpt":{"rendered":"<p>[vc_row full_width=\u00bbstretch_row\u00bb css=\u00bb.vc_custom_1620919249940{margin-top: -155px !important;padding-bottom: 65px !important;background-color: #1e73be !important;}\u00bb][vc_column][\/vc_column][\/vc_row][vc_row][vc_column][vc_column_text] Privacidad Informaci\u00f3n General: Titular: PENGUIN CEREMONY LDA &#8211;\u00a0 PT 516038605 Direcci\u00f3n: Rua dos Duques de Bragan\u00e7a, 7 &#8211; 1200-162 LISBOA Correo electr\u00f3nico: info@mondoconsulting.net Delegado de protecci\u00f3n de Datos (DPO): info@mondoconsulting.net \u00bfC\u00f3mo hemos obtenido sus datos y cu\u00e1l es la legitimaci\u00f3n para su tratamiento? Los datos personales&hellip;<\/p>\n","protected":false},"author":1,"featured_media":0,"parent":0,"menu_order":0,"comment_status":"closed","ping_status":"closed","template":"","meta":{"footnotes":""},"class_list":["post-269","page","type-page","status-publish","hentry","description-off"],"_links":{"self":[{"href":"https:\/\/mondoconsulting.net\/index.php\/wp-json\/wp\/v2\/pages\/269","targetHints":{"allow":["GET"]}}],"collection":[{"href":"https:\/\/mondoconsulting.net\/index.php\/wp-json\/wp\/v2\/pages"}],"about":[{"href":"https:\/\/mondoconsulting.net\/index.php\/wp-json\/wp\/v2\/types\/page"}],"author":[{"embeddable":true,"href":"https:\/\/mondoconsulting.net\/index.php\/wp-json\/wp\/v2\/users\/1"}],"replies":[{"embeddable":true,"href":"https:\/\/mondoconsulting.net\/index.php\/wp-json\/wp\/v2\/comments?post=269"}],"version-history":[{"count":4,"href":"https:\/\/mondoconsulting.net\/index.php\/wp-json\/wp\/v2\/pages\/269\/revisions"}],"predecessor-version":[{"id":787,"href":"https:\/\/mondoconsulting.net\/index.php\/wp-json\/wp\/v2\/pages\/269\/revisions\/787"}],"wp:attachment":[{"href":"https:\/\/mondoconsulting.net\/index.php\/wp-json\/wp\/v2\/media?parent=269"}],"curies":[{"name":"wp","href":"https:\/\/api.w.org\/{rel}","templated":true}]}}